{"id":135,"date":"2019-12-10T13:00:23","date_gmt":"2019-12-10T13:00:23","guid":{"rendered":"https:\/\/bridge296.qodeinteractive.com\/?page_id=135"},"modified":"2021-02-17T09:18:55","modified_gmt":"2021-02-17T09:18:55","slug":"about","status":"publish","type":"page","link":"http:\/\/reformaintegral.com\/index.php\/about\/","title":{"rendered":"QUI\u00c9NES SOMOS"},"content":{"rendered":"<h3>Sobre nosotros<\/h3>\n<p><strong>J.M.B.M. REFORMA-INTEGRAL<\/strong> es una empresa especializada en rehabilitaciones y reformas e impermeabilizaciones tanto en viviendas como en locales y oficinas. Nos avalan mas de 20 a\u00f1os de experiencia en este sector.<\/p>\n<p>Todos estos a\u00f1os nos han demostrado que los clientes valoran altamente el hecho de poder depositar su confianza en una empresa encargada de la coordinaci\u00f3n de los distintos oficios involucrados en un proyecto garantizando la calidad y el menor tiempo de ejecuci\u00f3n posible. <strong>Nosotros podemos ser su empresa.<\/strong><\/p>\n<p>\t\t\t\t\t\t\t\t\t\t<img decoding=\"async\" width=\"742\" height=\"487\" src=\"http:\/\/reformaintegral.com\/wp-content\/uploads\/2021\/02\/presentacion.png\" alt=\"\" loading=\"lazy\" srcset=\"http:\/\/reformaintegral.com\/wp-content\/uploads\/2021\/02\/presentacion.png 742w, http:\/\/reformaintegral.com\/wp-content\/uploads\/2021\/02\/presentacion-300x197.png 300w, http:\/\/reformaintegral.com\/wp-content\/uploads\/2021\/02\/presentacion-700x459.png 700w\" sizes=\"(max-width: 742px) 100vw, 742px\" \/>\t\t\t\t\t\t\t\t\t\t\t<\/p>\n<h3>\u00bfQuieres reformar totalmente tu vivienda? \u00bfnecesitas un ba\u00f1o nuevo? \u00bfquieres un aire nuevo en tu cocina? No importa si tu reforma es grande o peque\u00f1a, llamanos y nosotros nos encargamos. Nuestras visitas y presupuestos son sin compromiso ni coste alguno.<\/h3>\n<h5 style=\"text-align: center;\">Disponemos de la mejor relaci\u00f3n calidad y precio en materiales y le asesoramos de manera gratuita al respecto. Si lo desea tambi\u00e9n puede adquirir los materiales por su cuenta y solicitarnos unicamente la ejecuci\u00f3n del proyecto.<\/h5>\n<h5 style=\"text-align: center;\">Estamos cualificados para realizar cualquier tipo de oficio bien dentro del contexto de un proyecto completo o bien de manera individualizada.<\/h5>\n<h5 style=\"text-align: center;\">Elaboramos informes t\u00e9cnicos, planos y gestionamos licencias si el proyecto lo requiere.<\/h5>\n","protected":false},"excerpt":{"rendered":"<p>Sobre nosotros J.M.B.M. REFORMA-INTEGRAL es una empresa especializada en rehabilitaciones y reformas e impermeabilizaciones tanto en viviendas como en locales y oficinas. Nos avalan mas de 20 a\u00f1os de experiencia en este sector. Todos estos a\u00f1os nos han demostrado que los clientes valoran altamente el&#8230;<\/p>\n","protected":false},"author":1,"featured_media":0,"parent":0,"menu_order":0,"comment_status":"closed","ping_status":"closed","template":"full_width.php","meta":[],"_links":{"self":[{"href":"http:\/\/reformaintegral.com\/index.php\/wp-json\/wp\/v2\/pages\/135"}],"collection":[{"href":"http:\/\/reformaintegral.com\/index.php\/wp-json\/wp\/v2\/pages"}],"about":[{"href":"http:\/\/reformaintegral.com\/index.php\/wp-json\/wp\/v2\/types\/page"}],"author":[{"embeddable":true,"href":"http:\/\/reformaintegral.com\/index.php\/wp-json\/wp\/v2\/users\/1"}],"replies":[{"embeddable":true,"href":"http:\/\/reformaintegral.com\/index.php\/wp-json\/wp\/v2\/comments?post=135"}],"version-history":[{"count":8,"href":"http:\/\/reformaintegral.com\/index.php\/wp-json\/wp\/v2\/pages\/135\/revisions"}],"predecessor-version":[{"id":441,"href":"http:\/\/reformaintegral.com\/index.php\/wp-json\/wp\/v2\/pages\/135\/revisions\/441"}],"wp:attachment":[{"href":"http:\/\/reformaintegral.com\/index.php\/wp-json\/wp\/v2\/media?parent=135"}],"curies":[{"name":"wp","href":"https:\/\/api.w.org\/{rel}","templated":true}]}}